{"id":1784,"date":"2018-12-07T13:04:21","date_gmt":"2018-12-07T12:04:21","guid":{"rendered":"http:\/\/avadol.ch\/?page_id=1784"},"modified":"2018-12-07T13:43:38","modified_gmt":"2018-12-07T12:43:38","slug":"naissance-de-lassociation","status":"publish","type":"page","link":"http:\/\/avadol.ch\/?page_id=1784","title":{"rendered":"Naissance de l&rsquo;association"},"content":{"rendered":"<p>[vc_row][vc_column][vc_column_text]<\/p>\n<p style=\"text-align: left;\"><b>La cr\u00e9ation de l\u2019Association AVADOL<\/b><span>, \u201cVivre Avec\u201d la Douleur Chronique marque l\u2019aboutissement d\u2019une p\u00e9riode <\/span><span>de ma vie,\u00a0dixit Marie-Pascale Pellissier, fondatrice :<br \/>\n<\/span><span>\u00ab Depuis plus de 25 ans, suite \u00e0 des probl\u00e8mes de mobilit\u00e9 et de perte <\/span><span>de\u00a0sensibilit\u00e9 corporelle, ma vie fut ponctu\u00e9e par de nombreuses op\u00e9rations et de multiples complications neuromusculaires.\u00a0<\/span><\/p>\n<p>[\/vc_column_text][vc_column_text]<span>\u00a0Malgr\u00e9 des traitements antalgiques lourds, la douleur a pris et prend encore une place\u00a0importante dans\u00a0mon quotidien.<br \/>\n<\/span><span>J\u2019ai\u00a0chemin\u00e9 durant toutes ces ann\u00e9es afin de redevenir\u00a0la propri\u00e9taire de mon corps :<br \/>\n<\/span><span>un long chemin de souffrance et de\u00a0deuils perp\u00e9tuels mais\u00a0aussi un chemin magnifique de renaissance.<\/span><br \/>\n<span>\u00a0Un travail avec l\u2019aide des m\u00e9decins, de ma psychologue,\u00a0un travail de d\u00e9couverte de moi-m\u00eame.\u00a0<\/span><br \/>\n<span>\u00a0Je suis avec la douleur colocataire de mon corps, comme d\u2019un logement en commun.<\/span>[\/vc_column_text][vc_row_inner][vc_column_inner width=\u00a0\u00bb1\/2&Prime;][vc_column_text]<b>Aujourd\u2019hui j\u2019ai enfin r\u00e9cup\u00e9r\u00e9 les cl\u00e9s.\u00a0<\/b><br \/>\n<span>\u00a0<\/span><br \/>\n<span>\u00a0Durant toutes ces ann\u00e9es j\u2019ai cruellement manqu\u00e9 d\u2019un lieu de paroles, <\/span><span>d\u2019un lieu de rencontre avec des personnes vivant\u00a0aussi la douleur au quotidien.<\/span><br \/>\n<span>\u00a0J\u2019ai souffert de l\u2019incompr\u00e9hension de ce syndrome, qui ne se voit pas et <\/span><span>qui plonge les personnes\u00a0et l\u2019entourage dans une impuissance difficile \u00e0 vivre.\u00a0<\/span><br \/>\n<span>\u00a0<\/span><br \/>\n<b>\u00a0Tout ce cheminement m\u2019a conduite \u00e0 cr\u00e9er cette Association.<\/b>[\/vc_column_text][\/vc_column_inner][vc_column_inner width=\u00a0\u00bb1\/2&Prime;]<img loading=\"lazy\" src=\"http:\/\/avadol.ch\/wp-content\/uploads\/2018\/12\/IMG_20150722_161200_281_29-e1544185433579.jpg\" alt=\"\" class=\"alignnone size-full wp-image-1788\" width=\"200\" height=\"200\" \/>[\/vc_column_inner][\/vc_row_inner][\/vc_column][\/vc_row]<\/p>\n","protected":false},"excerpt":{"rendered":"<p>[vc_row][vc_column][vc_column_text] La cr\u00e9ation de l\u2019Association AVADOL, \u201cVivre Avec\u201d la Douleur Chronique marque l\u2019aboutissement d\u2019une p\u00e9riode de ma vie,\u00a0dixit Marie-Pascale Pellissier, fondatrice : \u00ab Depuis plus de 25 ans, suite \u00e0 des probl\u00e8mes de mobilit\u00e9 et de perte de\u00a0sensibilit\u00e9 corporelle, ma vie fut ponctu\u00e9e par de nombreuses op\u00e9rations et de multiples complications neuromusculaires.\u00a0 [\/vc_column_text][vc_column_text]\u00a0Malgr\u00e9 des traitements antalgiques lourds, la douleur a pris et prend encore une place\u00a0importante dans\u00a0mon quotidien. J\u2019ai\u00a0chemin\u00e9 durant toutes ces ann\u00e9es afin de redevenir\u00a0la propri\u00e9taire de mon corps : un long chemin de souffrance et de\u00a0deuils perp\u00e9tuels mais\u00a0aussi un chemin magnifique de renaissance. \u00a0Un travail avec l\u2019aide des m\u00e9decins, de ma psychologue,\u00a0un travail de d\u00e9couverte de moi-m\u00eame.\u00a0 \u00a0Je suis avec la douleur colocataire de mon corps, comme d\u2019un logement en commun.[\/vc_column_text][vc_row_inner][vc_column_inner width=\u00a0\u00bb1\/2&Prime;][vc_column_text]Aujourd\u2019hui j\u2019ai enfin r\u00e9cup\u00e9r\u00e9 les cl\u00e9s.\u00a0 \u00a0 \u00a0Durant toutes ces ann\u00e9es j\u2019ai cruellement manqu\u00e9 d\u2019un lieu de paroles, d\u2019un lieu de rencontre avec des personnes vivant\u00a0aussi la douleur au quotidien. \u00a0J\u2019ai souffert de l\u2019incompr\u00e9hension de ce syndrome, qui ne se voit pas et qui plonge les personnes\u00a0et l\u2019entourage dans une impuissance difficile \u00e0 vivre.\u00a0 \u00a0 \u00a0Tout ce cheminement m\u2019a conduite \u00e0 cr\u00e9er cette Association.[\/vc_column_text][\/vc_column_inner][vc_column_inner width=\u00a0\u00bb1\/2&Prime;][\/vc_column_inner][\/vc_row_inner][\/vc_column][\/vc_row]<\/p>\n","protected":false},"author":1,"featured_media":0,"parent":0,"menu_order":0,"comment_status":"closed","ping_status":"closed","template":"","meta":[],"_links":{"self":[{"href":"http:\/\/avadol.ch\/index.php?rest_route=\/wp\/v2\/pages\/1784"}],"collection":[{"href":"http:\/\/avadol.ch\/index.php?rest_route=\/wp\/v2\/pages"}],"about":[{"href":"http:\/\/avadol.ch\/index.php?rest_route=\/wp\/v2\/types\/page"}],"author":[{"embeddable":true,"href":"http:\/\/avadol.ch\/index.php?rest_route=\/wp\/v2\/users\/1"}],"replies":[{"embeddable":true,"href":"http:\/\/avadol.ch\/index.php?rest_route=%2Fwp%2Fv2%2Fcomments&post=1784"}],"version-history":[{"count":11,"href":"http:\/\/avadol.ch\/index.php?rest_route=\/wp\/v2\/pages\/1784\/revisions"}],"predecessor-version":[{"id":1786,"href":"http:\/\/avadol.ch\/index.php?rest_route=\/wp\/v2\/pages\/1784\/revisions\/1786"}],"wp:attachment":[{"href":"http:\/\/avadol.ch\/index.php?rest_route=%2Fwp%2Fv2%2Fmedia&parent=1784"}],"curies":[{"name":"wp","href":"https:\/\/api.w.org\/{rel}","templated":true}]}}

<p>[vc_row][vc_column][vc_column_text]</p>
<p style="text-align: left;"><b>La création de l’Association AVADOL</b><span>, “Vivre Avec” la Douleur Chronique marque l’aboutissement d’une période </span><span>de ma vie, dixit Marie-Pascale Pellissier, fondatrice :<br />
</span><span>« Depuis plus de 25 ans, suite à des problèmes de mobilité et de perte </span><span>de sensibilité corporelle, ma vie fut ponctuée par de nombreuses opérations et de multiples complications neuromusculaires. </span></p>
<p>[/vc_column_text][vc_column_text]<span> Malgré des traitements antalgiques lourds, la douleur a pris et prend encore une place importante dans mon quotidien.<br />
</span><span>J’ai cheminé durant toutes ces années afin de redevenir la propriétaire de mon corps :<br />
</span><span>un long chemin de souffrance et de deuils perpétuels mais aussi un chemin magnifique de renaissance.</span><br />
<span> Un travail avec l’aide des médecins, de ma psychologue, un travail de découverte de moi-même. </span><br />
<span> Je suis avec la douleur colocataire de mon corps, comme d’un logement en commun.</span>[/vc_column_text][vc_row_inner][vc_column_inner width= »1/2&Prime;][vc_column_text]<b>Aujourd’hui j’ai enfin récupéré les clés. </b><br />
<span> </span><br />
<span> Durant toutes ces années j’ai cruellement manqué d’un lieu de paroles, </span><span>d’un lieu de rencontre avec des personnes vivant aussi la douleur au quotidien.</span><br />
<span> J’ai souffert de l’incompréhension de ce syndrome, qui ne se voit pas et </span><span>qui plonge les personnes et l’entourage dans une impuissance difficile à vivre. </span><br />
<span> </span><br />
<b> Tout ce cheminement m’a conduite à créer cette Association.</b>[/vc_column_text][/vc_column_inner][vc_column_inner width= »1/2&Prime;]<img loading="lazy" src="http://avadol.ch/wp-content/uploads/2018/12/IMG_20150722_161200_281_29-e1544185433579.jpg" alt="" class="alignnone size-full wp-image-1788" width="200" height="200" />[/vc_column_inner][/vc_row_inner][/vc_column][/vc_row]</p>

<p>[vc_row][vc_column][vc_column_text] La création de l’Association AVADOL, “Vivre Avec” la Douleur Chronique marque l’aboutissement d’une période de ma vie, dixit Marie-Pascale Pellissier, fondatrice : « Depuis plus de 25 ans, suite à des problèmes de mobilité et de perte de sensibilité corporelle, ma vie fut ponctuée par de nombreuses opérations et de multiples complications neuromusculaires.  [/vc_column_text][vc_column_text] Malgré des traitements antalgiques lourds, la douleur a pris et prend encore une place importante dans mon quotidien. J’ai cheminé durant toutes ces années afin de redevenir la propriétaire de mon corps : un long chemin de souffrance et de deuils perpétuels mais aussi un chemin magnifique de renaissance.  Un travail avec l’aide des médecins, de ma psychologue, un travail de découverte de moi-même.   Je suis avec la douleur colocataire de mon corps, comme d’un logement en commun.[/vc_column_text][vc_row_inner][vc_column_inner width= »1/2&Prime;][vc_column_text]Aujourd’hui j’ai enfin récupéré les clés.     Durant toutes ces années j’ai cruellement manqué d’un lieu de paroles, d’un lieu de rencontre avec des personnes vivant aussi la douleur au quotidien.  J’ai souffert de l’incompréhension de ce syndrome, qui ne se voit pas et qui plonge les personnes et l’entourage dans une impuissance difficile à vivre.     Tout ce cheminement m’a conduite à créer cette Association.[/vc_column_text][/vc_column_inner][vc_column_inner width= »1/2&Prime;][/vc_column_inner][/vc_row_inner][/vc_column][/vc_row]</p>
