{"id":2136,"date":"2018-12-14T08:39:11","date_gmt":"2018-12-14T07:39:11","guid":{"rendered":"http:\/\/avadol.ch\/?page_id=2136"},"modified":"2020-09-29T16:11:13","modified_gmt":"2020-09-29T15:11:13","slug":"support-datelier","status":"publish","type":"page","link":"http:\/\/avadol.ch\/?page_id=2136","title":{"rendered":"Support d&rsquo;atelier"},"content":{"rendered":"Vous devez \u00eatre connect\u00e9 pour voir ce contenu.","protected":false},"excerpt":{"rendered":"Vous devez \u00eatre connect\u00e9 pour voir ce contenu.","protected":false},"author":1,"featured_media":0,"parent":0,"menu_order":0,"comment_status":"closed","ping_status":"closed","template":"","meta":[],"_links":{"self":[{"href":"http:\/\/avadol.ch\/index.php?rest_route=\/wp\/v2\/pages\/2136"}],"collection":[{"href":"http:\/\/avadol.ch\/index.php?rest_route=\/wp\/v2\/pages"}],"about":[{"href":"http:\/\/avadol.ch\/index.php?rest_route=\/wp\/v2\/types\/page"}],"author":[{"embeddable":true,"href":"http:\/\/avadol.ch\/index.php?rest_route=\/wp\/v2\/users\/1"}],"replies":[{"embeddable":true,"href":"http:\/\/avadol.ch\/index.php?rest_route=%2Fwp%2Fv2%2Fcomments&post=2136"}],"version-history":[{"count":22,"href":"http:\/\/avadol.ch\/index.php?rest_route=\/wp\/v2\/pages\/2136\/revisions"}],"predecessor-version":[{"id":3975,"href":"http:\/\/avadol.ch\/index.php?rest_route=\/wp\/v2\/pages\/2136\/revisions\/3975"}],"wp:attachment":[{"href":"http:\/\/avadol.ch\/index.php?rest_route=%2Fwp%2Fv2%2Fmedia&parent=2136"}],"curies":[{"name":"wp","href":"https:\/\/api.w.org\/{rel}","templated":true}]}}