{"id":3678,"date":"2020-03-10T14:05:51","date_gmt":"2020-03-10T13:05:51","guid":{"rendered":"http:\/\/avadol.ch\/?page_id=3678"},"modified":"2021-07-31T13:47:23","modified_gmt":"2021-07-31T12:47:23","slug":"traitements-et-recherches","status":"publish","type":"page","link":"http:\/\/avadol.ch\/?page_id=3678","title":{"rendered":"Traitements et recherches"},"content":{"rendered":"<p>[vc_row][vc_column][vc_custom_heading text=\u00a0\u00bbTraitements\u00a0\u00bb font_container=\u00a0\u00bbtag:h3|font_size:25xp|text_align:center\u00a0\u00bb el_class=\u00a0\u00bbbottom-line line-center\u00a0\u00bb][\/vc_column][\/vc_row][vc_row][vc_column][vc_column_text]<\/p>\n<p>Il y a plusieurs types de traitements dans la douleur chronique. Face \u00e0 la complexit\u00e9 de la maladie et aux cons\u00e9quences multiples qu\u2019elle entraine sur la vie quotidienne des personnes atteintes, une prise en charge efficace doit combiner ces traitements de mani\u00e8re individualis\u00e9e.<\/p>\n<p>C\u2019est donc une approche<b> \u2018<\/b><strong>sur mesure<\/strong>\u2019, qui int\u00e8gre des traitements:<\/p>\n<ul>\n<li>M\u00e9dicamenteux (antalgiques et analg\u00e9siques)<\/li>\n<li>Interventions (infiltrations, anesth\u00e9sies, pose de neurostimulateurs)<\/li>\n<li>Physioth\u00e9rapie, massages<\/li>\n<li>M\u00e9decine compl\u00e9mentaire: relaxation, hypnose, acupuncture<\/li>\n<li>Psychoth\u00e9rapie<\/li>\n<\/ul>\n<p>Par une participation active \u00e0 ses soins, le patient peut contribuer au soulagement de ses douleurs. Par exemple en signalant toute modification de la douleur; en prenant les traitements aux horaires pr\u00e9vus ; en \u00e9valuant l\u2019efficacit\u00e9 des traitements et leurs effets secondaires ; en demandant des doses suppl\u00e9mentaires si besoin; en r\u00e9alisant des exercices de relaxation ; en cherchant \u00e0 identifier les facteurs de d\u00e9clenchement ou d\u2019aggravation des douleurs ou encore en visant une diminution de la douleur et non pas sa disparition.[\/vc_column_text][\/vc_column][\/vc_row][vc_row][vc_column][vc_separator color=\u00a0\u00bbblack\u00a0\u00bb el_width=\u00a0\u00bb60&Prime;][\/vc_column][\/vc_row][vc_row][vc_column][vc_custom_heading text=\u00a0\u00bbNews en Recherche m\u00e9dicale\u00a0\u00bb font_container=\u00a0\u00bbtag:h3|font_size:25xp|text_align:center\u00a0\u00bb el_class=\u00a0\u00bbbottom-line line-center\u00a0\u00bb][\/vc_column][\/vc_row][vc_row][vc_column][vc_column_text]<\/p>\n<p><strong>2019<br \/>\n<\/strong>Une \u00e9quipe de recherche de la Clinique Romande de R\u00e9adaptation (Suva, Sion), en collaboration avec des m\u00e9decins du CHUV \u00e0 Lausanne, vient de publier une \u00e9tude dans le Journal Scientifique PLOS ONE (Dayer et al., 2019). Cette recherche avait pour objectif d\u2019\u00e9valuer si, sur la base des micro-ARN que l\u2019on retrouve dans le sang, il \u00e9tait possible de classifier les diff\u00e9rents types de douleur chronique.<\/p>\n<p>Les micro-ARN sont des petites mol\u00e9cules, qui jouent un r\u00f4le important dans la r\u00e9gulation de l\u2019expression des g\u00e8nes. Jusqu\u2019\u00e0 ce jour, environ 2500 micro-ARN ont \u00e9t\u00e9 d\u00e9couverts, ce qui repr\u00e9sente environ 50% du g\u00e9nome humain. Les micro-ARN sont impliqu\u00e9s dans plusieurs processus cellulaires et lorsque leur fonctionnement est anormal, cela entraine une <a href=\"http:\/\/avadol.ch\/wp-content\/uploads\/2020\/03\/Crr.jpg\"><img loading=\"lazy\" src=\"http:\/\/avadol.ch\/wp-content\/uploads\/2020\/03\/Crr.jpg\" alt=\"\" width=\"260\" height=\"89\" class=\"size-full wp-image-3694 alignleft\" \/><\/a>pathologie. L\u2019int\u00e9r\u00eat des micro-ARN est qu\u2019ils peuvent \u00eatre \u00e9tudi\u00e9s avec une simple prise de sang. De ce fait, ils peuvent \u00eatre utilis\u00e9s comme marqueurs biologiques. Avoir un marqueur d\u2019une pathologie est important pour le m\u00e9decin comme pour le patient, cela permet un diagnostic plus rapide et plus fiable et donc \u00e9galement d\u2019introduire plus rapidement le bon traitement.<\/p>\n<p>L\u2019\u00e9quipe de la SUVA s\u2019est donc int\u00e9ress\u00e9e \u00e0 d\u00e9couvrir s\u2019il y a des micro-ARN diff\u00e9rents selon le type de douleur chronique. Ils ont mesur\u00e9 l\u2019expression de 184 micro-ARN chez 173 patients. Ces patients souffraient\u00a0de douleurs\u00a0: neuropathiques, nociceptives, mixtes ou d\u2019un syndrome douloureux r\u00e9gional complexe. L\u2019hypoth\u00e8se \u00e9tait que la douleur entraine un changement dans le fonctionnement des micro-ARN et que selon le type de douleur ces changements seront diff\u00e9rents.<\/p>\n<p>Les r\u00e9sultats de l\u2019\u00e9tude semblent prometteurs. En effet, les chercheurs sont parvenus \u00e0 identifier 7 micro-ARN qui sont diff\u00e9remment exprim\u00e9s selon qu\u2019il s\u2019agit d\u2019une douleur<\/p>\n<p><a href=\"http:\/\/avadol.ch\/wp-content\/uploads\/2021\/07\/pexels-daniel-dan-7542754-scaled.jpg\"><img loading=\"lazy\" src=\"http:\/\/avadol.ch\/wp-content\/uploads\/2021\/07\/pexels-daniel-dan-7542754-420x280.jpg\" alt=\"\" width=\"264\" height=\"176\" class=\"wp-image-4166  alignright\" \/><\/a><\/p>\n<p>nociceptive ou neuropathique. Cette \u00e9tude confirme l\u2019int\u00e9r\u00eat des micro-ARN comme biomarqueurs, mais beaucoup de questions restent encore en suspens. En effet, la question de\u00a0l\u2019effet des traitements m\u00e9dicamenteux n\u2019a pas \u00e9t\u00e9 \u00e9tudi\u00e9e ici et pourrait \u00e0 elle seule expliquer les diff\u00e9rences trouv\u00e9es (les patients avec douleurs neuropathiques prennent des traitements diff\u00e9rents des autres patients, ce qui peut alt\u00e9rer l\u2019expression des micro-ARN de fa\u00e7on diff\u00e9rente). Et pour finir, \u00e9norm\u00e9ment d\u2019autres micro-ARN restent encore \u00e0 \u00e9tudier. C\u2019est pour cela que d\u2019autres \u00e9tudes sont d\u00e9j\u00e0 pr\u00e9vues, afin de continuer d\u2019avancer dans la compr\u00e9hension de ces effets, notamment en \u00e9valuant les changements d\u2019expression des micro-ARN au cours du temps en pr\u00e9levant le sang de patients tout de suite apr\u00e8s un accident\/traumatisme, puis r\u00e9guli\u00e8rement au cours des ann\u00e9es qui suivent.<\/p>\n<p>Dayer, CF, Luthi, F, Le Carre, J, Vuistiner, P, Terrier, P, Benaim, C., Giacobino, JP &amp; Leger, B (2019) Differences in the miRNA signatures of chronic musculoskeletal pain patients from neuropathic or nociceptive origins. PLOS ONE\u00a0: 14(7): e0219311. https:\/\/doi.org\/10.1371\/journal.pone.0219311<\/p>\n<p>[\/vc_column_text][\/vc_column][\/vc_row][vc_row][vc_column][vc_separator color=\u00a0\u00bbblack\u00a0\u00bb][\/vc_column][\/vc_row][vc_row][vc_column][vc_column_text]<em><strong>Bibliographie<\/strong><br \/>\n<\/em><em>-Breivik, H. et al. (2012) Survey of chronic pain in Europe: Prevalence, impact on daily life and treatment. Eur J Pain. <b><a href=\"https:\/\/doi.org\/10.1016\/j.ejpain.2005.06.009\">https:\/\/doi.org\/10.1016\/j.ejpain.2005.06.009<\/a><br \/>\n<\/b><\/em><em>-Les douleurs chroniques et rebelles, Suzy Soumaille, \u00e9ditions Plan\u00e8te Sant\u00e9<br \/>\n<\/em><em>-Dayer, CF, Luthi, F, Le Carre, J, Vuistiner, P, Terrier, P, Benaim, C., Giacobino, JP &amp; Leger, B (2019) Differences in the miRNA signatures of chronic musculoskeletal pain patients from neuropathic or nociceptive origins. PLOS ONE\u00a0: 14(7): e0219311. https:\/\/doi.org\/10.1371\/journal.pone.0219311<\/em>[\/vc_column_text][\/vc_column][\/vc_row]<\/p>\n","protected":false},"excerpt":{"rendered":"<p>[vc_row][vc_column][vc_custom_heading text=\u00a0\u00bbTraitements\u00a0\u00bb font_container=\u00a0\u00bbtag:h3|font_size:25xp|text_align:center\u00a0\u00bb el_class=\u00a0\u00bbbottom-line line-center\u00a0\u00bb][\/vc_column][\/vc_row][vc_row][vc_column][vc_column_text] Il y a plusieurs types de traitements dans la douleur chronique. Face \u00e0 la complexit\u00e9 de la maladie et aux cons\u00e9quences multiples qu\u2019elle entraine sur la vie quotidienne des personnes atteintes, une prise en charge efficace doit combiner ces traitements de mani\u00e8re individualis\u00e9e. C\u2019est donc une approche \u2018sur mesure\u2019, qui int\u00e8gre des traitements: M\u00e9dicamenteux (antalgiques et analg\u00e9siques) Interventions (infiltrations, anesth\u00e9sies, pose de neurostimulateurs) Physioth\u00e9rapie, massages M\u00e9decine compl\u00e9mentaire: relaxation, hypnose, acupuncture Psychoth\u00e9rapie Par une participation active \u00e0 ses soins, le patient peut contribuer au soulagement de ses douleurs. Par exemple en signalant toute modification de la douleur; en prenant les traitements aux horaires pr\u00e9vus ; en \u00e9valuant l\u2019efficacit\u00e9 des traitements et leurs effets secondaires ; en demandant des doses suppl\u00e9mentaires si besoin; en r\u00e9alisant des exercices de relaxation ; en cherchant \u00e0 identifier les facteurs de d\u00e9clenchement ou d\u2019aggravation des douleurs ou encore en visant une diminution de la douleur et non pas sa disparition.[\/vc_column_text][\/vc_column][\/vc_row][vc_row][vc_column][vc_separator color=\u00a0\u00bbblack\u00a0\u00bb el_width=\u00a0\u00bb60&Prime;][\/vc_column][\/vc_row][vc_row][vc_column][vc_custom_heading text=\u00a0\u00bbNews en Recherche m\u00e9dicale\u00a0\u00bb font_container=\u00a0\u00bbtag:h3|font_size:25xp|text_align:center\u00a0\u00bb el_class=\u00a0\u00bbbottom-line line-center\u00a0\u00bb][\/vc_column][\/vc_row][vc_row][vc_column][vc_column_text] 2019 Une \u00e9quipe de recherche de la Clinique Romande de R\u00e9adaptation (Suva, Sion), en collaboration avec des m\u00e9decins du CHUV \u00e0 Lausanne, vient de publier une \u00e9tude dans le Journal Scientifique PLOS ONE (Dayer et al., 2019). Cette recherche avait pour objectif d\u2019\u00e9valuer si, sur la base des micro-ARN que l\u2019on retrouve dans le sang, il \u00e9tait possible de classifier les diff\u00e9rents types de douleur chronique. Les micro-ARN sont des petites mol\u00e9cules, qui jouent un r\u00f4le important dans la r\u00e9gulation de l\u2019expression des g\u00e8nes. Jusqu\u2019\u00e0 ce jour, environ 2500 micro-ARN ont \u00e9t\u00e9 d\u00e9couverts, ce qui repr\u00e9sente environ 50% du g\u00e9nome humain. Les micro-ARN sont impliqu\u00e9s dans plusieurs processus cellulaires et lorsque leur fonctionnement est anormal, cela entraine une pathologie. L\u2019int\u00e9r\u00eat des micro-ARN est qu\u2019ils peuvent \u00eatre \u00e9tudi\u00e9s avec une simple prise de sang. De ce fait, ils peuvent \u00eatre utilis\u00e9s comme marqueurs biologiques. Avoir un marqueur d\u2019une pathologie est important pour le m\u00e9decin comme pour le patient, cela permet un diagnostic plus rapide et plus fiable et donc \u00e9galement d\u2019introduire plus rapidement le bon traitement. L\u2019\u00e9quipe de la SUVA s\u2019est donc int\u00e9ress\u00e9e \u00e0 d\u00e9couvrir s\u2019il y a des micro-ARN diff\u00e9rents selon le type de douleur chronique. Ils ont mesur\u00e9 l\u2019expression de 184 micro-ARN chez 173 patients. Ces patients souffraient\u00a0de douleurs\u00a0: neuropathiques, nociceptives, mixtes ou d\u2019un syndrome douloureux r\u00e9gional complexe. L\u2019hypoth\u00e8se \u00e9tait que la douleur entraine un changement dans le fonctionnement des micro-ARN et que selon le type de douleur ces changements seront diff\u00e9rents. Les r\u00e9sultats de l\u2019\u00e9tude semblent prometteurs. En effet, les chercheurs sont parvenus \u00e0 identifier 7 micro-ARN qui sont diff\u00e9remment exprim\u00e9s selon qu\u2019il s\u2019agit d\u2019une douleur nociceptive ou neuropathique. Cette \u00e9tude confirme l\u2019int\u00e9r\u00eat des micro-ARN comme biomarqueurs, mais beaucoup de questions restent encore en suspens. En effet, la question de\u00a0l\u2019effet des traitements m\u00e9dicamenteux n\u2019a pas \u00e9t\u00e9 \u00e9tudi\u00e9e ici et pourrait \u00e0 elle seule expliquer les diff\u00e9rences trouv\u00e9es (les patients avec douleurs neuropathiques prennent des traitements diff\u00e9rents des autres patients, ce qui peut alt\u00e9rer l\u2019expression des micro-ARN de fa\u00e7on diff\u00e9rente). Et pour finir, \u00e9norm\u00e9ment d\u2019autres micro-ARN restent encore \u00e0 \u00e9tudier. C\u2019est pour cela que d\u2019autres \u00e9tudes sont d\u00e9j\u00e0 pr\u00e9vues, afin de continuer d\u2019avancer dans la compr\u00e9hension de ces effets, notamment en \u00e9valuant les changements d\u2019expression des micro-ARN au cours du temps en pr\u00e9levant le sang de patients tout de suite apr\u00e8s un accident\/traumatisme, puis r\u00e9guli\u00e8rement au cours des ann\u00e9es qui suivent. Dayer, CF, Luthi, F, Le Carre, J, Vuistiner, P, Terrier, P, Benaim, C., Giacobino, JP &amp; Leger, B (2019) Differences in the miRNA signatures of chronic musculoskeletal pain patients from neuropathic or nociceptive origins. PLOS ONE\u00a0: 14(7): e0219311. https:\/\/doi.org\/10.1371\/journal.pone.0219311 [\/vc_column_text][\/vc_column][\/vc_row][vc_row][vc_column][vc_separator color=\u00a0\u00bbblack\u00a0\u00bb][\/vc_column][\/vc_row][vc_row][vc_column][vc_column_text]Bibliographie -Breivik, H. et al. (2012) Survey of chronic pain in Europe: Prevalence, impact on daily life and treatment. Eur J Pain. https:\/\/doi.org\/10.1016\/j.ejpain.2005.06.009 -Les douleurs chroniques et rebelles, Suzy Soumaille, \u00e9ditions Plan\u00e8te Sant\u00e9 -Dayer, CF, Luthi, F, Le Carre, J, Vuistiner, P, Terrier, P, Benaim, C., Giacobino, JP &amp; Leger, B (2019) Differences in the miRNA signatures of chronic musculoskeletal pain patients from neuropathic or nociceptive origins. PLOS ONE\u00a0: 14(7): e0219311. https:\/\/doi.org\/10.1371\/journal.pone.0219311[\/vc_column_text][\/vc_column][\/vc_row]<\/p>\n","protected":false},"author":3,"featured_media":0,"parent":0,"menu_order":0,"comment_status":"closed","ping_status":"closed","template":"","meta":[],"_links":{"self":[{"href":"http:\/\/avadol.ch\/index.php?rest_route=\/wp\/v2\/pages\/3678"}],"collection":[{"href":"http:\/\/avadol.ch\/index.php?rest_route=\/wp\/v2\/pages"}],"about":[{"href":"http:\/\/avadol.ch\/index.php?rest_route=\/wp\/v2\/types\/page"}],"author":[{"embeddable":true,"href":"http:\/\/avadol.ch\/index.php?rest_route=\/wp\/v2\/users\/3"}],"replies":[{"embeddable":true,"href":"http:\/\/avadol.ch\/index.php?rest_route=%2Fwp%2Fv2%2Fcomments&post=3678"}],"version-history":[{"count":6,"href":"http:\/\/avadol.ch\/index.php?rest_route=\/wp\/v2\/pages\/3678\/revisions"}],"predecessor-version":[{"id":4168,"href":"http:\/\/avadol.ch\/index.php?rest_route=\/wp\/v2\/pages\/3678\/revisions\/4168"}],"wp:attachment":[{"href":"http:\/\/avadol.ch\/index.php?rest_route=%2Fwp%2Fv2%2Fmedia&parent=3678"}],"curies":[{"name":"wp","href":"https:\/\/api.w.org\/{rel}","templated":true}]}}