{"id":1937,"date":"2018-12-12T09:57:24","date_gmt":"2018-12-12T08:57:24","guid":{"rendered":"http:\/\/avadol.ch\/?page_id=1937"},"modified":"2021-07-31T14:54:06","modified_gmt":"2021-07-31T13:54:06","slug":"assemblee-generale-et-statuts","status":"publish","type":"page","link":"https:\/\/avadol.ch\/?page_id=1937","title":{"rendered":"Assembl\u00e9e G\u00e9n\u00e9rale et statuts"},"content":{"rendered":"Vous devez \u00eatre connect\u00e9 pour voir ce contenu.","protected":false},"excerpt":{"rendered":"Vous devez \u00eatre connect\u00e9 pour voir ce contenu.","protected":false},"author":1,"featured_media":0,"parent":0,"menu_order":0,"comment_status":"closed","ping_status":"closed","template":"","meta":[],"_links":{"self":[{"href":"https:\/\/avadol.ch\/index.php?rest_route=\/wp\/v2\/pages\/1937"}],"collection":[{"href":"https:\/\/avadol.ch\/index.php?rest_route=\/wp\/v2\/pages"}],"about":[{"href":"https:\/\/avadol.ch\/index.php?rest_route=\/wp\/v2\/types\/page"}],"author":[{"embeddable":true,"href":"https:\/\/avadol.ch\/index.php?rest_route=\/wp\/v2\/users\/1"}],"replies":[{"embeddable":true,"href":"https:\/\/avadol.ch\/index.php?rest_route=%2Fwp%2Fv2%2Fcomments&post=1937"}],"version-history":[{"count":18,"href":"https:\/\/avadol.ch\/index.php?rest_route=\/wp\/v2\/pages\/1937\/revisions"}],"predecessor-version":[{"id":4170,"href":"https:\/\/avadol.ch\/index.php?rest_route=\/wp\/v2\/pages\/1937\/revisions\/4170"}],"wp:attachment":[{"href":"https:\/\/avadol.ch\/index.php?rest_route=%2Fwp%2Fv2%2Fmedia&parent=1937"}],"curies":[{"name":"wp","href":"https:\/\/api.w.org\/{rel}","templated":true}]}}