{"id":1974,"date":"2018-12-13T08:14:21","date_gmt":"2018-12-13T07:14:21","guid":{"rendered":"http:\/\/avadol.ch\/?page_id=1974"},"modified":"2019-12-27T13:43:17","modified_gmt":"2019-12-27T12:43:17","slug":"forum-des-patients","status":"publish","type":"page","link":"https:\/\/avadol.ch\/?page_id=1974","title":{"rendered":"Forum des patients"},"content":{"rendered":"Vous devez \u00eatre connect\u00e9 pour voir ce contenu.","protected":false},"excerpt":{"rendered":"Vous devez \u00eatre connect\u00e9 pour voir ce contenu.","protected":false},"author":1,"featured_media":0,"parent":0,"menu_order":0,"comment_status":"closed","ping_status":"closed","template":"","meta":[],"_links":{"self":[{"href":"https:\/\/avadol.ch\/index.php?rest_route=\/wp\/v2\/pages\/1974"}],"collection":[{"href":"https:\/\/avadol.ch\/index.php?rest_route=\/wp\/v2\/pages"}],"about":[{"href":"https:\/\/avadol.ch\/index.php?rest_route=\/wp\/v2\/types\/page"}],"author":[{"embeddable":true,"href":"https:\/\/avadol.ch\/index.php?rest_route=\/wp\/v2\/users\/1"}],"replies":[{"embeddable":true,"href":"https:\/\/avadol.ch\/index.php?rest_route=%2Fwp%2Fv2%2Fcomments&post=1974"}],"version-history":[{"count":9,"href":"https:\/\/avadol.ch\/index.php?rest_route=\/wp\/v2\/pages\/1974\/revisions"}],"predecessor-version":[{"id":3553,"href":"https:\/\/avadol.ch\/index.php?rest_route=\/wp\/v2\/pages\/1974\/revisions\/3553"}],"wp:attachment":[{"href":"https:\/\/avadol.ch\/index.php?rest_route=%2Fwp%2Fv2%2Fmedia&parent=1974"}],"curies":[{"name":"wp","href":"https:\/\/api.w.org\/{rel}","templated":true}]}}