{"id":1983,"date":"2018-12-13T08:42:32","date_gmt":"2018-12-13T07:42:32","guid":{"rendered":"http:\/\/avadol.ch\/?page_id=1983"},"modified":"2018-12-13T08:44:26","modified_gmt":"2018-12-13T07:44:26","slug":"petites-recetteshttps-avadol-ch-wp-admin-post-new-phppost_typepage","status":"publish","type":"page","link":"https:\/\/avadol.ch\/?page_id=1983","title":{"rendered":"Petites recettes"},"content":{"rendered":"Vous devez \u00eatre connect\u00e9 pour voir ce contenu.","protected":false},"excerpt":{"rendered":"Vous devez \u00eatre connect\u00e9 pour voir ce contenu.","protected":false},"author":1,"featured_media":0,"parent":0,"menu_order":0,"comment_status":"closed","ping_status":"closed","template":"","meta":[],"_links":{"self":[{"href":"https:\/\/avadol.ch\/index.php?rest_route=\/wp\/v2\/pages\/1983"}],"collection":[{"href":"https:\/\/avadol.ch\/index.php?rest_route=\/wp\/v2\/pages"}],"about":[{"href":"https:\/\/avadol.ch\/index.php?rest_route=\/wp\/v2\/types\/page"}],"author":[{"embeddable":true,"href":"https:\/\/avadol.ch\/index.php?rest_route=\/wp\/v2\/users\/1"}],"replies":[{"embeddable":true,"href":"https:\/\/avadol.ch\/index.php?rest_route=%2Fwp%2Fv2%2Fcomments&post=1983"}],"version-history":[{"count":2,"href":"https:\/\/avadol.ch\/index.php?rest_route=\/wp\/v2\/pages\/1983\/revisions"}],"predecessor-version":[{"id":1991,"href":"https:\/\/avadol.ch\/index.php?rest_route=\/wp\/v2\/pages\/1983\/revisions\/1991"}],"wp:attachment":[{"href":"https:\/\/avadol.ch\/index.php?rest_route=%2Fwp%2Fv2%2Fmedia&parent=1983"}],"curies":[{"name":"wp","href":"https:\/\/api.w.org\/{rel}","templated":true}]}}