{"id":4204,"date":"2021-09-08T13:44:51","date_gmt":"2021-09-08T12:44:51","guid":{"rendered":"http:\/\/avadol.ch\/?page_id=4204"},"modified":"2021-09-29T09:52:02","modified_gmt":"2021-09-29T08:52:02","slug":"prochains-pas","status":"publish","type":"page","link":"https:\/\/avadol.ch\/?page_id=4204","title":{"rendered":"Prochains pas"},"content":{"rendered":"<p>[vc_row][vc_column][vc_custom_heading text=\u00a0\u00bb2021&Prime; font_container=\u00a0\u00bbtag:h3|font_size:35px|text_align:center\u00a0\u00bb el_class=\u00a0\u00bbbottom-line line-center\u00a0\u00bb][\/vc_column][\/vc_row][vc_row][vc_column width=\u00a0\u00bb1\/4&Prime;][vc_column_text]<img loading=\"lazy\" src=\"http:\/\/avadol.ch\/wp-content\/uploads\/2021\/09\/Affiche-definitive--e1632558871868.jpg\" alt=\"\" width=\"220\" height=\"314\" class=\"alignnone wp-image-4216 size-full\" \/>[\/vc_column_text][\/vc_column][vc_column width=\u00a0\u00bb3\/4&Prime;][vc_column_text]<\/p>\n<h4 style=\"text-align: left;\"><strong>Journ\u00e9e Mondiale de la Douleur selon l&rsquo;OMS &#8211; Conf\u00e9rence du 18 octobre 2021<\/strong><\/h4>\n<p style=\"text-align: left;\">Nous vous attendons nombreux pour cette conf\u00e9rence co-anim\u00e9e par Johan Clavien et Avadol. Le th\u00e8me de la conf\u00e9rence vous invitera \u00e0<\/p>\n<p style=\"text-align: center;\">COMPRENDRE<strong> la douleur, les Emotions et Moi!\u00a0<\/strong><br \/>\nUn pas de plus vers Ma Sant\u00e9!<\/p>\n<p>Celle-ci aura lieu \u00e0 l&rsquo;Aula Fran\u00e7ois Xavier Bagnoud \u00e0 la HEVS de Sion, \u00e0 19:15, le Pass Sanitaire est obligatoire! Entr\u00e9e libre, chapeau \u00e0 la sortie, conf\u00e9rence ouverte tout public.<\/p>\n<p>Au plaisir de vous rencontrer![\/vc_column_text][\/vc_column][\/vc_row][vc_row][vc_column][vc_separator color=\u00a0\u00bbblack\u00a0\u00bb][\/vc_column][\/vc_row][vc_row][vc_column width=\u00a0\u00bb2\/3&Prime;][vc_column_text]<\/p>\n<h4 style=\"text-align: left;\"><strong>March\u00e9 de No\u00ebl de Sion, le 17 d\u00e9cembre de 14:00 \u00e0 21:00<\/strong><\/h4>\n<p>Cette ann\u00e9e nous participerons au march\u00e9 de No\u00ebl de Sion, le but est d&rsquo;aller \u00e0 la rencontre de la population, de leur expliquer nos missions et \/ou de leur rappeler que nous sommes l\u00e0 pour eux.<\/p>\n<p>Notre groupe cr\u00e9ation vendra \u00e9galement quelques r\u00e9alisations faites mains pour soutenir l&rsquo;Association.<\/p>\n<p>Venez nous dire bonjour, nous serons ravis de faire votre connaissance!<\/p>\n<div class=\"OESZ OESZ_DivContent OESZG_WEcd183e9b00\">\n<p style=\"text-align: center;\">\n<\/div>\n<p>[\/vc_column_text][\/vc_column][vc_column width=\u00a0\u00bb1\/3&Prime;][vc_column_text]<img loading=\"lazy\" src=\"http:\/\/avadol.ch\/wp-content\/uploads\/2021\/09\/Capture-decran-2021-09-25-105452-e1632560128498.jpg\" alt=\"\" width=\"450\" height=\"398\" class=\"alignnone wp-image-4218 size-full\" \/>[\/vc_column_text][\/vc_column][\/vc_row][vc_row][vc_column][vc_separator color=\u00a0\u00bbblack\u00a0\u00bb][\/vc_column][\/vc_row][vc_row][vc_column width=\u00a0\u00bb1\/4&Prime;][vc_column_text]<a href=\"http:\/\/avadol.ch\/wp-content\/uploads\/2021\/04\/ImageLogo.png\"><img loading=\"lazy\" src=\"http:\/\/avadol.ch\/wp-content\/uploads\/2021\/09\/Capture-decran-2021-09-25-104604-e1632559655753.jpg\" alt=\"\" width=\"550\" height=\"224\" class=\"alignnone wp-image-4217 size-full\" \/><\/a>[\/vc_column_text][\/vc_column][vc_column width=\u00a0\u00bb3\/4&Prime;][vc_column_text]<\/p>\n<h4 style=\"text-align: left;\"><strong>Traduction de notre film \u00a0\u00bb Mon quotidien avec la Douleur Chronique\u00a0\u00bb<\/strong><\/h4>\n<p>Nous souhaitons traduire notre film disponible actuellement sur la page d&rsquo;accueil de notre site internet en Allemand et en Italien. Ce projet nous tient \u00e0 c\u0153ur afin de toucher encore plus de monde en Suisse.<\/p>\n<p>Ce film est actuellement le seul Film Suisse, \u00e9crit texte et musique et jou\u00e9 par des personnes atteintes dans leur sant\u00e9.<\/p>\n<div class=\"OESZ OESZ_DivContent OESZG_WEcd183e9b00\">\n<p style=\"text-align: center;\">\n<\/div>\n<p>[\/vc_column_text][\/vc_column][\/vc_row][vc_row][vc_column][vc_separator color=\u00a0\u00bbblack\u00a0\u00bb][\/vc_column][\/vc_row][vc_row][vc_column width=\u00a0\u00bb2\/3&Prime;][vc_column_text]<\/p>\n<h4 style=\"text-align: left;\"><strong>Demande de Subvention \u00e0 L&rsquo;Etat du Valais<\/strong><\/h4>\n<p>Nous sommes actuellement une Association reconnue d&rsquo;utilit\u00e9 publique depuis 2019. Aujourd&rsquo;hui nous voyons que pour certaines t\u00e2ches, le b\u00e9n\u00e9volat atteint ses limites. Afin de pouvoir continuer \u00e0 d\u00e9velopper cette association et par souci de garder la m\u00eame qualit\u00e9 d&rsquo;accompagnement et de soutien, nous sommes en train de pr\u00e9parer un dossier pour demander de l&rsquo;aide \u00e0 l&rsquo;Etat du Valais.[\/vc_column_text][\/vc_column][vc_column width=\u00a0\u00bb1\/3&Prime;][vc_column_text]<img loading=\"lazy\" src=\"http:\/\/avadol.ch\/wp-content\/uploads\/2021\/09\/13333_Avadol-logo-copie_modifie-1_modifie-1_modifie-1-e1632560505687.jpg\" alt=\"\" width=\"450\" height=\"376\" class=\"alignnone wp-image-4219 size-full\" \/>[\/vc_column_text][\/vc_column][\/vc_row][vc_row][vc_column][vc_separator color=\u00a0\u00bbblack\u00a0\u00bb][\/vc_column][\/vc_row][vc_row][vc_column width=\u00a0\u00bb1\/4&Prime;][vc_column_text]<img loading=\"lazy\" src=\"http:\/\/avadol.ch\/wp-content\/uploads\/2021\/09\/Capture-decran-2021-09-25-111045-e1632561091736.jpg\" alt=\"\" width=\"215\" height=\"300\" class=\"alignnone wp-image-4220 size-full\" \/>[\/vc_column_text][\/vc_column][vc_column width=\u00a0\u00bb3\/4&Prime;][vc_column_text]<\/p>\n<h4 style=\"text-align: left;\"><strong>Communication 2021-2022, en Valais<\/strong><\/h4>\n<p>Apr\u00e8s 7 ans d&rsquo;existence, un jubil\u00e9, une passation, la Covid-19, une restructuration etc.. nous devons \u00e0 nouveau montrer \u00e0 la population Valaisanne ainsi qu&rsquo;aux professionnels de la sant\u00e9 que nous sommes l\u00e0, \u00e0 leur disposition. Leur rappeler \u00e9galement nos missions et nos projets de d\u00e9veloppement.<\/p>\n<p>C&rsquo;est pourquoi nous travaillons depuis quelques mois sur un dossier de communication avec des \u00e9tudiants de la Hevs de Sierre. Puis lors qu&rsquo;il sera termin\u00e9 et que nous aurons pu l&rsquo;imprimer, nous ferons une communication spontan\u00e9e en Valais.<\/p>\n<p>A long terme nous esp\u00e9rons que plus aucun(e) Valaisan(ne) ne soit seul face \u00e0 la douleur.<\/p>\n<p style=\"text-align: center;\">\n<p>[\/vc_column_text][\/vc_column][\/vc_row][vc_row][vc_column][vc_separator color=\u00a0\u00bbblack\u00a0\u00bb][\/vc_column][\/vc_row][vc_row][vc_column][vc_custom_heading text=\u00a0\u00bb2022&Prime; font_container=\u00a0\u00bbtag:h3|font_size:35px|text_align:center\u00a0\u00bb el_class=\u00a0\u00bbbottom-line line-center\u00a0\u00bb][\/vc_column][\/vc_row][vc_row][vc_column][vc_column_text]Suite en construction! Merci pour votre compr\u00e9hension.<\/p>\n<p>Restez attentif![\/vc_column_text][\/vc_column][\/vc_row]<\/p>\n","protected":false},"excerpt":{"rendered":"<p>[vc_row][vc_column][vc_custom_heading text=\u00a0\u00bb2021&Prime; font_container=\u00a0\u00bbtag:h3|font_size:35px|text_align:center\u00a0\u00bb el_class=\u00a0\u00bbbottom-line line-center\u00a0\u00bb][\/vc_column][\/vc_row][vc_row][vc_column width=\u00a0\u00bb1\/4&Prime;][vc_column_text][\/vc_column_text][\/vc_column][vc_column width=\u00a0\u00bb3\/4&Prime;][vc_column_text] Journ\u00e9e Mondiale de la Douleur selon l&rsquo;OMS &#8211; Conf\u00e9rence du 18 octobre 2021 Nous vous attendons nombreux pour cette conf\u00e9rence co-anim\u00e9e par Johan Clavien et Avadol. Le th\u00e8me de la conf\u00e9rence vous invitera \u00e0 COMPRENDRE la douleur, les Emotions et Moi!\u00a0 Un pas de plus vers Ma Sant\u00e9! Celle-ci aura lieu \u00e0 l&rsquo;Aula Fran\u00e7ois Xavier Bagnoud \u00e0 la HEVS de Sion, \u00e0 19:15, le Pass Sanitaire est obligatoire! Entr\u00e9e libre, chapeau \u00e0 la sortie, conf\u00e9rence ouverte tout public. Au plaisir de vous rencontrer![\/vc_column_text][\/vc_column][\/vc_row][vc_row][vc_column][vc_separator color=\u00a0\u00bbblack\u00a0\u00bb][\/vc_column][\/vc_row][vc_row][vc_column width=\u00a0\u00bb2\/3&Prime;][vc_column_text] March\u00e9 de No\u00ebl de Sion, le 17 d\u00e9cembre de 14:00 \u00e0 21:00 Cette ann\u00e9e nous participerons au march\u00e9 de No\u00ebl de Sion, le but est d&rsquo;aller \u00e0 la rencontre de la population, de leur expliquer nos missions et \/ou de leur rappeler que nous sommes l\u00e0 pour eux. Notre groupe cr\u00e9ation vendra \u00e9galement quelques r\u00e9alisations faites mains pour soutenir l&rsquo;Association. Venez nous dire bonjour, nous serons ravis de faire votre connaissance! [\/vc_column_text][\/vc_column][vc_column width=\u00a0\u00bb1\/3&Prime;][vc_column_text][\/vc_column_text][\/vc_column][\/vc_row][vc_row][vc_column][vc_separator color=\u00a0\u00bbblack\u00a0\u00bb][\/vc_column][\/vc_row][vc_row][vc_column width=\u00a0\u00bb1\/4&Prime;][vc_column_text][\/vc_column_text][\/vc_column][vc_column width=\u00a0\u00bb3\/4&Prime;][vc_column_text] Traduction de notre film \u00a0\u00bb Mon quotidien avec la Douleur Chronique\u00a0\u00bb Nous souhaitons traduire notre film disponible actuellement sur la page d&rsquo;accueil de notre site internet en Allemand et en Italien. Ce projet nous tient \u00e0 c\u0153ur afin de toucher encore plus de monde en Suisse. Ce film est actuellement le seul Film Suisse, \u00e9crit texte et musique et jou\u00e9 par des personnes atteintes dans leur sant\u00e9. [\/vc_column_text][\/vc_column][\/vc_row][vc_row][vc_column][vc_separator color=\u00a0\u00bbblack\u00a0\u00bb][\/vc_column][\/vc_row][vc_row][vc_column width=\u00a0\u00bb2\/3&Prime;][vc_column_text] Demande de Subvention \u00e0 L&rsquo;Etat du Valais Nous sommes actuellement une Association reconnue d&rsquo;utilit\u00e9 publique depuis 2019. Aujourd&rsquo;hui nous voyons que pour certaines t\u00e2ches, le b\u00e9n\u00e9volat atteint ses limites. Afin de pouvoir continuer \u00e0 d\u00e9velopper cette association et par souci de garder la m\u00eame qualit\u00e9 d&rsquo;accompagnement et de soutien, nous sommes en train de pr\u00e9parer un dossier pour demander de l&rsquo;aide \u00e0 l&rsquo;Etat du Valais.[\/vc_column_text][\/vc_column][vc_column width=\u00a0\u00bb1\/3&Prime;][vc_column_text][\/vc_column_text][\/vc_column][\/vc_row][vc_row][vc_column][vc_separator color=\u00a0\u00bbblack\u00a0\u00bb][\/vc_column][\/vc_row][vc_row][vc_column width=\u00a0\u00bb1\/4&Prime;][vc_column_text][\/vc_column_text][\/vc_column][vc_column width=\u00a0\u00bb3\/4&Prime;][vc_column_text] Communication 2021-2022, en Valais Apr\u00e8s 7 ans d&rsquo;existence, un jubil\u00e9, une passation, la Covid-19, une restructuration etc.. nous devons \u00e0 nouveau montrer \u00e0 la population Valaisanne ainsi qu&rsquo;aux professionnels de la sant\u00e9 que nous sommes l\u00e0, \u00e0 leur disposition. Leur rappeler \u00e9galement nos missions et nos projets de d\u00e9veloppement. C&rsquo;est pourquoi nous travaillons depuis quelques mois sur un dossier de communication avec des \u00e9tudiants de la Hevs de Sierre. Puis lors qu&rsquo;il sera termin\u00e9 et que nous aurons pu l&rsquo;imprimer, nous ferons une communication spontan\u00e9e en Valais. A long terme nous esp\u00e9rons que plus aucun(e) Valaisan(ne) ne soit seul face \u00e0 la douleur. [\/vc_column_text][\/vc_column][\/vc_row][vc_row][vc_column][vc_separator color=\u00a0\u00bbblack\u00a0\u00bb][\/vc_column][\/vc_row][vc_row][vc_column][vc_custom_heading text=\u00a0\u00bb2022&Prime; font_container=\u00a0\u00bbtag:h3|font_size:35px|text_align:center\u00a0\u00bb el_class=\u00a0\u00bbbottom-line line-center\u00a0\u00bb][\/vc_column][\/vc_row][vc_row][vc_column][vc_column_text]Suite en construction! Merci pour votre compr\u00e9hension. Restez attentif![\/vc_column_text][\/vc_column][\/vc_row]<\/p>\n","protected":false},"author":3,"featured_media":0,"parent":0,"menu_order":0,"comment_status":"closed","ping_status":"closed","template":"","meta":[],"_links":{"self":[{"href":"https:\/\/avadol.ch\/index.php?rest_route=\/wp\/v2\/pages\/4204"}],"collection":[{"href":"https:\/\/avadol.ch\/index.php?rest_route=\/wp\/v2\/pages"}],"about":[{"href":"https:\/\/avadol.ch\/index.php?rest_route=\/wp\/v2\/types\/page"}],"author":[{"embeddable":true,"href":"https:\/\/avadol.ch\/index.php?rest_route=\/wp\/v2\/users\/3"}],"replies":[{"embeddable":true,"href":"https:\/\/avadol.ch\/index.php?rest_route=%2Fwp%2Fv2%2Fcomments&post=4204"}],"version-history":[{"count":5,"href":"https:\/\/avadol.ch\/index.php?rest_route=\/wp\/v2\/pages\/4204\/revisions"}],"predecessor-version":[{"id":4225,"href":"https:\/\/avadol.ch\/index.php?rest_route=\/wp\/v2\/pages\/4204\/revisions\/4225"}],"wp:attachment":[{"href":"https:\/\/avadol.ch\/index.php?rest_route=%2Fwp%2Fv2%2Fmedia&parent=4204"}],"curies":[{"name":"wp","href":"https:\/\/api.w.org\/{rel}","templated":true}]}}

<p>[vc_row][vc_column][vc_custom_heading text= »2021&Prime; font_container= »tag:h3|font_size:35px|text_align:center » el_class= »bottom-line line-center »][/vc_column][/vc_row][vc_row][vc_column width= »1/4&Prime;][vc_column_text]<img loading="lazy" src="http://avadol.ch/wp-content/uploads/2021/09/Affiche-definitive--e1632558871868.jpg" alt="" width="220" height="314" class="alignnone wp-image-4216 size-full" />[/vc_column_text][/vc_column][vc_column width= »3/4&Prime;][vc_column_text]</p>
<h4 style="text-align: left;"><strong>Journée Mondiale de la Douleur selon l&rsquo;OMS &#8211; Conférence du 18 octobre 2021</strong></h4>
<p style="text-align: left;">Nous vous attendons nombreux pour cette conférence co-animée par Johan Clavien et Avadol. Le thème de la conférence vous invitera à</p>
<p style="text-align: center;">COMPRENDRE<strong> la douleur, les Emotions et Moi! </strong><br />
Un pas de plus vers Ma Santé!</p>
<p>Celle-ci aura lieu à l&rsquo;Aula François Xavier Bagnoud à la HEVS de Sion, à 19:15, le Pass Sanitaire est obligatoire! Entrée libre, chapeau à la sortie, conférence ouverte tout public.</p>
<p>Au plaisir de vous rencontrer![/vc_column_text][/vc_column][/vc_row][vc_row][vc_column][vc_separator color= »black »][/vc_column][/vc_row][vc_row][vc_column width= »2/3&Prime;][vc_column_text]</p>
<h4 style="text-align: left;"><strong>Marché de Noël de Sion, le 17 décembre de 14:00 à 21:00</strong></h4>
<p>Cette année nous participerons au marché de Noël de Sion, le but est d&rsquo;aller à la rencontre de la population, de leur expliquer nos missions et /ou de leur rappeler que nous sommes là pour eux.</p>
<p>Notre groupe création vendra également quelques réalisations faites mains pour soutenir l&rsquo;Association.</p>
<p>Venez nous dire bonjour, nous serons ravis de faire votre connaissance!</p>
<div class="OESZ OESZ_DivContent OESZG_WEcd183e9b00">
<p style="text-align: center;">
</div>
<p>[/vc_column_text][/vc_column][vc_column width= »1/3&Prime;][vc_column_text]<img loading="lazy" src="http://avadol.ch/wp-content/uploads/2021/09/Capture-decran-2021-09-25-105452-e1632560128498.jpg" alt="" width="450" height="398" class="alignnone wp-image-4218 size-full" />[/vc_column_text][/vc_column][/vc_row][vc_row][vc_column][vc_separator color= »black »][/vc_column][/vc_row][vc_row][vc_column width= »1/4&Prime;][vc_column_text]<a href="http://avadol.ch/wp-content/uploads/2021/04/ImageLogo.png"><img loading="lazy" src="http://avadol.ch/wp-content/uploads/2021/09/Capture-decran-2021-09-25-104604-e1632559655753.jpg" alt="" width="550" height="224" class="alignnone wp-image-4217 size-full" /></a>[/vc_column_text][/vc_column][vc_column width= »3/4&Prime;][vc_column_text]</p>
<h4 style="text-align: left;"><strong>Traduction de notre film  » Mon quotidien avec la Douleur Chronique »</strong></h4>
<p>Nous souhaitons traduire notre film disponible actuellement sur la page d&rsquo;accueil de notre site internet en Allemand et en Italien. Ce projet nous tient à cœur afin de toucher encore plus de monde en Suisse.</p>
<p>Ce film est actuellement le seul Film Suisse, écrit texte et musique et joué par des personnes atteintes dans leur santé.</p>
<div class="OESZ OESZ_DivContent OESZG_WEcd183e9b00">
<p style="text-align: center;">
</div>
<p>[/vc_column_text][/vc_column][/vc_row][vc_row][vc_column][vc_separator color= »black »][/vc_column][/vc_row][vc_row][vc_column width= »2/3&Prime;][vc_column_text]</p>
<h4 style="text-align: left;"><strong>Demande de Subvention à L&rsquo;Etat du Valais</strong></h4>
<p>Nous sommes actuellement une Association reconnue d&rsquo;utilité publique depuis 2019. Aujourd&rsquo;hui nous voyons que pour certaines tâches, le bénévolat atteint ses limites. Afin de pouvoir continuer à développer cette association et par souci de garder la même qualité d&rsquo;accompagnement et de soutien, nous sommes en train de préparer un dossier pour demander de l&rsquo;aide à l&rsquo;Etat du Valais.[/vc_column_text][/vc_column][vc_column width= »1/3&Prime;][vc_column_text]<img loading="lazy" src="http://avadol.ch/wp-content/uploads/2021/09/13333_Avadol-logo-copie_modifie-1_modifie-1_modifie-1-e1632560505687.jpg" alt="" width="450" height="376" class="alignnone wp-image-4219 size-full" />[/vc_column_text][/vc_column][/vc_row][vc_row][vc_column][vc_separator color= »black »][/vc_column][/vc_row][vc_row][vc_column width= »1/4&Prime;][vc_column_text]<img loading="lazy" src="http://avadol.ch/wp-content/uploads/2021/09/Capture-decran-2021-09-25-111045-e1632561091736.jpg" alt="" width="215" height="300" class="alignnone wp-image-4220 size-full" />[/vc_column_text][/vc_column][vc_column width= »3/4&Prime;][vc_column_text]</p>
<h4 style="text-align: left;"><strong>Communication 2021-2022, en Valais</strong></h4>
<p>Après 7 ans d&rsquo;existence, un jubilé, une passation, la Covid-19, une restructuration etc.. nous devons à nouveau montrer à la population Valaisanne ainsi qu&rsquo;aux professionnels de la santé que nous sommes là, à leur disposition. Leur rappeler également nos missions et nos projets de développement.</p>
<p>C&rsquo;est pourquoi nous travaillons depuis quelques mois sur un dossier de communication avec des étudiants de la Hevs de Sierre. Puis lors qu&rsquo;il sera terminé et que nous aurons pu l&rsquo;imprimer, nous ferons une communication spontanée en Valais.</p>
<p>A long terme nous espérons que plus aucun(e) Valaisan(ne) ne soit seul face à la douleur.</p>
<p style="text-align: center;">
<p>[/vc_column_text][/vc_column][/vc_row][vc_row][vc_column][vc_separator color= »black »][/vc_column][/vc_row][vc_row][vc_column][vc_custom_heading text= »2022&Prime; font_container= »tag:h3|font_size:35px|text_align:center » el_class= »bottom-line line-center »][/vc_column][/vc_row][vc_row][vc_column][vc_column_text]Suite en construction! Merci pour votre compréhension.</p>
<p>Restez attentif![/vc_column_text][/vc_column][/vc_row]</p>

<p>[vc_row][vc_column][vc_custom_heading text= »2021&Prime; font_container= »tag:h3|font_size:35px|text_align:center » el_class= »bottom-line line-center »][/vc_column][/vc_row][vc_row][vc_column width= »1/4&Prime;][vc_column_text][/vc_column_text][/vc_column][vc_column width= »3/4&Prime;][vc_column_text] Journée Mondiale de la Douleur selon l&rsquo;OMS &#8211; Conférence du 18 octobre 2021 Nous vous attendons nombreux pour cette conférence co-animée par Johan Clavien et Avadol. Le thème de la conférence vous invitera à COMPRENDRE la douleur, les Emotions et Moi!  Un pas de plus vers Ma Santé! Celle-ci aura lieu à l&rsquo;Aula François Xavier Bagnoud à la HEVS de Sion, à 19:15, le Pass Sanitaire est obligatoire! Entrée libre, chapeau à la sortie, conférence ouverte tout public. Au plaisir de vous rencontrer![/vc_column_text][/vc_column][/vc_row][vc_row][vc_column][vc_separator color= »black »][/vc_column][/vc_row][vc_row][vc_column width= »2/3&Prime;][vc_column_text] Marché de Noël de Sion, le 17 décembre de 14:00 à 21:00 Cette année nous participerons au marché de Noël de Sion, le but est d&rsquo;aller à la rencontre de la population, de leur expliquer nos missions et /ou de leur rappeler que nous sommes là pour eux. Notre groupe création vendra également quelques réalisations faites mains pour soutenir l&rsquo;Association. Venez nous dire bonjour, nous serons ravis de faire votre connaissance! [/vc_column_text][/vc_column][vc_column width= »1/3&Prime;][vc_column_text][/vc_column_text][/vc_column][/vc_row][vc_row][vc_column][vc_separator color= »black »][/vc_column][/vc_row][vc_row][vc_column width= »1/4&Prime;][vc_column_text][/vc_column_text][/vc_column][vc_column width= »3/4&Prime;][vc_column_text] Traduction de notre film  » Mon quotidien avec la Douleur Chronique » Nous souhaitons traduire notre film disponible actuellement sur la page d&rsquo;accueil de notre site internet en Allemand et en Italien. Ce projet nous tient à cœur afin de toucher encore plus de monde en Suisse. Ce film est actuellement le seul Film Suisse, écrit texte et musique et joué par des personnes atteintes dans leur santé. [/vc_column_text][/vc_column][/vc_row][vc_row][vc_column][vc_separator color= »black »][/vc_column][/vc_row][vc_row][vc_column width= »2/3&Prime;][vc_column_text] Demande de Subvention à L&rsquo;Etat du Valais Nous sommes actuellement une Association reconnue d&rsquo;utilité publique depuis 2019. Aujourd&rsquo;hui nous voyons que pour certaines tâches, le bénévolat atteint ses limites. Afin de pouvoir continuer à développer cette association et par souci de garder la même qualité d&rsquo;accompagnement et de soutien, nous sommes en train de préparer un dossier pour demander de l&rsquo;aide à l&rsquo;Etat du Valais.[/vc_column_text][/vc_column][vc_column width= »1/3&Prime;][vc_column_text][/vc_column_text][/vc_column][/vc_row][vc_row][vc_column][vc_separator color= »black »][/vc_column][/vc_row][vc_row][vc_column width= »1/4&Prime;][vc_column_text][/vc_column_text][/vc_column][vc_column width= »3/4&Prime;][vc_column_text] Communication 2021-2022, en Valais Après 7 ans d&rsquo;existence, un jubilé, une passation, la Covid-19, une restructuration etc.. nous devons à nouveau montrer à la population Valaisanne ainsi qu&rsquo;aux professionnels de la santé que nous sommes là, à leur disposition. Leur rappeler également nos missions et nos projets de développement. C&rsquo;est pourquoi nous travaillons depuis quelques mois sur un dossier de communication avec des étudiants de la Hevs de Sierre. Puis lors qu&rsquo;il sera terminé et que nous aurons pu l&rsquo;imprimer, nous ferons une communication spontanée en Valais. A long terme nous espérons que plus aucun(e) Valaisan(ne) ne soit seul face à la douleur. [/vc_column_text][/vc_column][/vc_row][vc_row][vc_column][vc_separator color= »black »][/vc_column][/vc_row][vc_row][vc_column][vc_custom_heading text= »2022&Prime; font_container= »tag:h3|font_size:35px|text_align:center » el_class= »bottom-line line-center »][/vc_column][/vc_row][vc_row][vc_column][vc_column_text]Suite en construction! Merci pour votre compréhension. Restez attentif![/vc_column_text][/vc_column][/vc_row]</p>
